{"id":2311,"date":"2021-09-07T23:51:16","date_gmt":"2021-09-07T23:51:16","guid":{"rendered":"https:\/\/wpa.tecnico.ulisboa.pt\/~wpa.daemon\/?page_id=2311"},"modified":"2022-09-05T23:58:27","modified_gmt":"2022-09-05T23:58:27","slug":"comite-externo-2","status":"publish","type":"page","link":"https:\/\/wpa.tecnico.ulisboa.pt\/~wpa.daemon\/pt\/comite-externo-2\/","title":{"rendered":"Comit\u00ea Externo"},"content":{"rendered":"\n<p><strong>Denis Gillet<\/strong> recebeu o Diploma em Engenharia El\u00e9trica do Instituto Federal Su\u00ed\u00e7o de Tecnologia em Lausanne (EPFL) em 1988, e o Ph.D. Licenciado em Sistemas de Informa\u00e7\u00e3o tamb\u00e9m pela EPFL em 1995. Durante 1992 foi nomeado Research Fellow no Information Systems Laboratory da Stanford University nos Estados Unidos. Atualmente \u00e9 Ma\u00eetre d&#8217;enseignement et de recherche na EPFL School of Engineering, onde lidera o grupo de pesquisa multidisciplinar React. Seus atuais interesses de pesquisa incluem Aprendizado Avan\u00e7ado de Tecnologias (TEL), Intera\u00e7\u00e3o Humano-Computador (HCI), Intera\u00e7\u00e3o Humano-Dispositivos (HDI) e Coordena\u00e7\u00e3o \u00d3tima de Sistemas Complexos e Distribu\u00eddos. Durante o ano lectivo de 2005-2006 esteve de licen\u00e7a sab\u00e1tica como Visiting Scholar na Faculdade de Engenharia da Universidade Chinesa de Hong Kong. Entre 2011 e 2013, foi Professor Convidado na Escola de Engenharia de Software da Universidade de Tongji. Denis Gillet \u00e9 afiliado \u00e0 EPFL com o Transportation Center e o Center for Digital Education.<\/p>\n\n\n\n<p><strong>Nilson Marcos Dias Garcia<\/strong> \u00e9 graduado em F\u00edsica pela Universidade Federal do Paran\u00e1, graduado em Engenharia de Opera\u00e7\u00e3o &#8211; Constru\u00e7\u00e3o Civil, pelo Centro Federal de Educa\u00e7\u00e3o Tecnol\u00f3gica do Paran\u00e1, Mestre em ensino de ci\u00eancias &#8211; modalidade f\u00edsica e Doutor em educa\u00e7\u00e3o, ambos pela Universidade de S\u00e3o Paulo. Foi professor de f\u00edsica no ensino m\u00e9dio em institui\u00e7\u00f5es p\u00fablicas e privadas. Em 1976 ingressou no ent\u00e3o CEFET-PR (atual UTFPR) como professor de F\u00edsica no departamento de F\u00edsica Acad\u00eamica e a partir de 1997 passou tamb\u00e9m a atuar como professor e pesquisador no programa de p\u00f3s-gradua\u00e7\u00e3o em tecnologia e sociedade, na mesma universidade, onde orienta pesquisas sobre quest\u00f5es relacionadas \u00e0 educa\u00e7\u00e3o profissional e \u00e0 forma\u00e7\u00e3o de trabalhadores. Tamb\u00e9m \u00e9 professor credenciado, desde 2003, no programa de p\u00f3s-gradua\u00e7\u00e3o em educa\u00e7\u00e3o da Universidade Federal do Paran\u00e1 onde orienta pesquisas sobre ensino de f\u00edsica. \u00c9 um dos l\u00edderes do grupo de estudos e pesquisas em ensino de f\u00edsica (GEPEF). Al\u00e9m de ensino e pesquisa, foi Chefe do Departamento de F\u00edsica Fcad\u00eamica e participante de v\u00e1rios \u00f3rg\u00e3os colegiados, incluindo o conselho universit\u00e1rio. Participa da Sociedade Brasileira de F\u00edsica: foi membro da comiss\u00e3o de ensino; atuou no conselho como secret\u00e1rio-geral e atualmente \u00e9 membro do comit\u00ea da \u00e1rea de pesquisa em ensino de f\u00edsica e conselheiro suplente eleito da Sociedade Brasileira de F\u00edsica. \u00c9 coordenador da Escola de F\u00edsica do CERN desde 2009. Seus interesses de pesquisa est\u00e3o focados na natureza e import\u00e2ncia do conhecimento escolar e dos livros did\u00e1ticos, principalmente de f\u00edsica, para escolas regulares e para forma\u00e7\u00e3o profissional.<\/p>\n","protected":false},"excerpt":{"rendered":"<p>Denis Gillet recebeu o Diploma em Engenharia El\u00e9trica do Instituto Federal Su\u00ed\u00e7o de Tecnologia em Lausanne (EPFL) em 1988, e o Ph.D. Licenciado em Sistemas de Informa\u00e7\u00e3o tamb\u00e9m pela EPFL em 1995. Durante 1992 foi nomeado Research Fellow no Information Systems Laboratory da Stanford University nos Estados Unidos. Atualmente \u00e9 Ma\u00eetre d&#8217;enseignement et de recherche&hellip; <a class=\"more-link\" href=\"https:\/\/wpa.tecnico.ulisboa.pt\/~wpa.daemon\/pt\/comite-externo-2\/\">Continue reading <span class=\"screen-reader-text\">Comit\u00ea Externo<\/span><\/a><\/p>\n","protected":false},"author":14,"featured_media":0,"parent":0,"menu_order":0,"comment_status":"closed","ping_status":"closed","template":"","meta":[],"_links":{"self":[{"href":"https:\/\/wpa.tecnico.ulisboa.pt\/~wpa.daemon\/wp-json\/wp\/v2\/pages\/2311"}],"collection":[{"href":"https:\/\/wpa.tecnico.ulisboa.pt\/~wpa.daemon\/wp-json\/wp\/v2\/pages"}],"about":[{"href":"https:\/\/wpa.tecnico.ulisboa.pt\/~wpa.daemon\/wp-json\/wp\/v2\/types\/page"}],"author":[{"embeddable":true,"href":"https:\/\/wpa.tecnico.ulisboa.pt\/~wpa.daemon\/wp-json\/wp\/v2\/users\/14"}],"replies":[{"embeddable":true,"href":"https:\/\/wpa.tecnico.ulisboa.pt\/~wpa.daemon\/wp-json\/wp\/v2\/comments?post=2311"}],"version-history":[{"count":2,"href":"https:\/\/wpa.tecnico.ulisboa.pt\/~wpa.daemon\/wp-json\/wp\/v2\/pages\/2311\/revisions"}],"predecessor-version":[{"id":2698,"href":"https:\/\/wpa.tecnico.ulisboa.pt\/~wpa.daemon\/wp-json\/wp\/v2\/pages\/2311\/revisions\/2698"}],"wp:attachment":[{"href":"https:\/\/wpa.tecnico.ulisboa.pt\/~wpa.daemon\/wp-json\/wp\/v2\/media?parent=2311"}],"curies":[{"name":"wp","href":"https:\/\/api.w.org\/{rel}","templated":true}]}}