{"id":2314,"date":"2021-09-07T23:52:00","date_gmt":"2021-09-07T23:52:00","guid":{"rendered":"https:\/\/wpa.tecnico.ulisboa.pt\/~wpa.daemon\/?page_id=2314"},"modified":"2022-09-20T16:36:08","modified_gmt":"2022-09-20T16:36:08","slug":"centros-de-divulgacao-cientifica","status":"publish","type":"page","link":"https:\/\/wpa.tecnico.ulisboa.pt\/~wpa.daemon\/pt\/centros-de-divulgacao-cientifica\/","title":{"rendered":"Centros de Divulga\u00e7\u00e3o Cient\u00edfica"},"content":{"rendered":"\n<div class=\"bloque_triple_out visible\" style=\"display:none;\">\n\n<div class=\"bloque_triple\">\n<a href=\"http:\/\/wpa.tecnico.ulisboa.pt\/~wpa.daemon\/pt\/cdc-pilab-unb\/\">\n<div class=\"bloque_triple_inside\" style=\"background-image: url('http:\/\/wpa.tecnico.ulisboa.pt\/~wpa.daemon\/wp-content\/uploads\/2021\/08\/PILAB.png')\">\n<h5 class=\"h_triple\">CDC PiLab UnB<\/h5>\n<\/div>\n<\/a>\n<\/div>\n\n<div class=\"bloque_triple\">\n<a href=\"https:\/\/wpa.tecnico.ulisboa.pt\/~wpa.daemon\/pt\/cdc-puc-2\/\">\n<div class=\"bloque_triple_inside\" style=\"background-image: url('http:\/\/wpa.tecnico.ulisboa.pt\/~wpa.daemon\/wp-content\/uploads\/2021\/08\/PUC.jpg')\">\n<h5 class=\"h_triple\">CDC PUC<\/h5>\n<\/div>\n<\/a>\n<\/div>\n\n<div class=\"bloque_triple\">\n<a href=\"https:\/\/wpa.tecnico.ulisboa.pt\/~wpa.daemon\/pt\/cdc-universidad-de-chile-2\/\">\n<div class=\"bloque_triple_inside\" style=\"background-image: url('http:\/\/wpa.tecnico.ulisboa.pt\/~wpa.daemon\/wp-content\/uploads\/2022\/08\/EdV-2.png')\">\n<h5 class=\"h_triple\">Escuela de Verano para estudiantes de Educaci\u00f3n B\u00e1sica y Media \u2013 Universidad de Chile<\/h5>\n<\/div>\n<\/a>\n<\/div>\n\n\n\n<div class=\"bloque_triple\">\n<a href=\"http:\/\/wpa.tecnico.ulisboa.pt\/~wpa.daemon\/pt\/cdc-utfsm\/\">\n<div class=\"bloque_triple_inside\" style=\"background-image: url('http:\/\/wpa.tecnico.ulisboa.pt\/~wpa.daemon\/wp-content\/uploads\/2021\/08\/Fisica.png')\">\n<h5 class=\"h_triple\">CDC UTFSM F\u00edsica en Acci\u00f3n, Museo de Ciencia y Tecnolog\u00eda de Valpara\u00edso<\/h5>\n<\/div>\n<\/a>\n<\/div>\n\n<div class=\"bloque_triple\">\n<a href=\"http:\/\/wpa.tecnico.ulisboa.pt\/~wpa.daemon\/pt\/cdc-uniandes\/\">\n<div class=\"bloque_triple_inside\" style=\"background-image: url('http:\/\/wpa.tecnico.ulisboa.pt\/~wpa.daemon\/wp-content\/uploads\/2021\/08\/cdc.png')\">\n<h5 class=\"h_triple\">CDC Uniandes<\/h5>\n<\/div>\n<\/a>\n<\/div>\n\n<div class=\"bloque_triple\">\n<a href=\"http:\/\/wpa.tecnico.ulisboa.pt\/~wpa.daemon\/pt\/cdc-reex-unad\/\">\n<div class=\"bloque_triple_inside\" style=\"background-image: url('http:\/\/wpa.tecnico.ulisboa.pt\/~wpa.daemon\/wp-content\/uploads\/2021\/08\/UNAD.jpg')\">\n<h5 class=\"h_triple\">CDC ReEx UNAD<\/h5>\n<\/div>\n<\/a>\n<\/div>\n\n<div class=\"bloque_triple\">\n<a href=\"http:\/\/wpa.tecnico.ulisboa.pt\/~wpa.daemon\/pt\/cdc-utp\/\">\n<div class=\"bloque_triple_inside\" style=\"background-image: url('http:\/\/wpa.tecnico.ulisboa.pt\/~wpa.daemon\/wp-content\/uploads\/2021\/08\/UTP-2.png')\">\n<h5 class=\"h_triple\">CDC UTP<\/h5>\n<\/div>\n<\/a>\n<\/div>\n\n<div class=\"bloque_triple\">\n<a href=\"http:\/\/wpa.tecnico.ulisboa.pt\/~wpa.daemon\/pt\/cdc-usma\/\">\n<div class=\"bloque_triple_inside\" style=\"background-image: url('http:\/\/wpa.tecnico.ulisboa.pt\/~wpa.daemon\/wp-content\/uploads\/2021\/08\/CDC-USMA.png')\">\n<h5 class=\"h_triple\">CDC USMA<\/h5>\n<\/div>\n<\/a>\n<\/div>\n\n<div class=\"bloque_triple\">\n<a href=\"https:\/\/cdc.uesc.br\/\">\n<div class=\"bloque_triple_inside\" style=\"background-image: url('http:\/\/wpa.tecnico.ulisboa.pt\/~wpa.daemon\/wp-content\/uploads\/2022\/07\/cdc_uesc.jpeg')\">\n<h5 class=\"h_triple\">CDC UESC<\/h5>\n<\/div>\n\n<\/a><\/div><\/div>\n\n\n\n<p>.<\/p>\n","protected":false},"excerpt":{"rendered":"<p>CDC PiLab UnB CDC PUC Escuela de Verano para estudiantes de Educaci\u00f3n B\u00e1sica y Media \u2013 Universidad de Chile CDC UTFSM F\u00edsica en Acci\u00f3n, Museo de Ciencia y Tecnolog\u00eda de Valpara\u00edso CDC Uniandes CDC ReEx UNAD CDC UTP CDC USMA CDC UESC .<\/p>\n","protected":false},"author":14,"featured_media":0,"parent":0,"menu_order":0,"comment_status":"closed","ping_status":"closed","template":"","meta":[],"_links":{"self":[{"href":"https:\/\/wpa.tecnico.ulisboa.pt\/~wpa.daemon\/wp-json\/wp\/v2\/pages\/2314"}],"collection":[{"href":"https:\/\/wpa.tecnico.ulisboa.pt\/~wpa.daemon\/wp-json\/wp\/v2\/pages"}],"about":[{"href":"https:\/\/wpa.tecnico.ulisboa.pt\/~wpa.daemon\/wp-json\/wp\/v2\/types\/page"}],"author":[{"embeddable":true,"href":"https:\/\/wpa.tecnico.ulisboa.pt\/~wpa.daemon\/wp-json\/wp\/v2\/users\/14"}],"replies":[{"embeddable":true,"href":"https:\/\/wpa.tecnico.ulisboa.pt\/~wpa.daemon\/wp-json\/wp\/v2\/comments?post=2314"}],"version-history":[{"count":6,"href":"https:\/\/wpa.tecnico.ulisboa.pt\/~wpa.daemon\/wp-json\/wp\/v2\/pages\/2314\/revisions"}],"predecessor-version":[{"id":2718,"href":"https:\/\/wpa.tecnico.ulisboa.pt\/~wpa.daemon\/wp-json\/wp\/v2\/pages\/2314\/revisions\/2718"}],"wp:attachment":[{"href":"https:\/\/wpa.tecnico.ulisboa.pt\/~wpa.daemon\/wp-json\/wp\/v2\/media?parent=2314"}],"curies":[{"name":"wp","href":"https:\/\/api.w.org\/{rel}","templated":true}]}}